atest common divisor of 30 and p?
10
Let h(k) = -k**3 - 7*k**2 - 8*k + 2. Let g be -5 - ((-4)/2)/(-2). Let q be h(g). Let a be 94/q + 4/14. Calculate the greatest common divisor of 35 and a.
7
Suppose 4*c = 2*c + 8. Let x be 19/5 - c/(-20). Suppose -l = -r + 2*r - 73, -x*r - 5*l = -295. Calculate the highest common factor of 14 and r.
14
Let r(f) = -f**2 + 6*f + 3. Let s be r(6). Suppose -m = -3*l + 149, -5*m = -s*l + 156 + 13. Calculate the highest common divisor of 8 and l.
8
Let w be (-53 - 91)*(-8)/3. Calculate the greatest common factor of 144 and w.
48
Let j(a) = -a**2 - 10*a - 4. Suppose 4*i + 20 = -20. Let b be j(i). Let f be (9 - 2) + b + 6. Calculate the greatest common factor of 18 and f.
9
Let o be (-2)/6 - 150/(-45). Suppose 5*j = 5*s - 8*s + 108, -3*j = -3*s - 60. Calculate the greatest common factor of o and j.
3
Let w = -7 + 47. Let l = 122 + -106. What is the highest common factor of l and w?
8
Suppose -5*z = 5*i + 305, -2*z - 125 = -i + 9. Let r = 39 - z. Let b = 16 + -3. What is the greatest common factor of r and b?
13
Let u = 24 - 24. Suppose 3*t + t - 16 = u, 4*f = -2*t + 44. What is the greatest common divisor of 27 and f?
9
Let j(o) = -o**2 + 7*o + 47. Let w be j(8). What is the greatest common divisor of w and 65?
13
Let o be 183/3 + (5 - 3). Suppose 189 = -o*m + 70*m. What is the greatest common divisor of m and 9?
9
Suppose 2*h + 2*h = 104. Suppose 0 = -346*x + 367*x - 1365. What is the highest common divisor of h and x?
13
Suppose 4*k - 2*c - 54 = 72, 0 = -5*k + c + 153. What is the greatest common factor of k and 120?
30
Let i = -161 - -180. Calculate the highest common divisor of i and 19.
19
Suppose y = -5*s - 10, -3*y - 1 = s + 1. Let a(q) = y*q - 1 + 7*q - 3*q + 4*q**2 - 3*q. Let w be a(-2). Calculate the greatest common divisor of 13 and w.
13
Let g = 694 + -1314. Let s = -256 - g. What is the greatest common divisor of 52 and s?
52
Let b be (-3)/24*-4*4. Suppose -b*a + 10 = -a + 2*u, -a = -3*u. Suppose a*d - d - 150 = 0. What is the highest common factor of 15 and d?
15
Suppose 188*n - 210*n + 3806 = 0. Calculate the greatest common divisor of n and 346.
173
Suppose -3*x - 3*l = 7 - 25, -2*l = 6. Let h be x/4 + (-9)/(-12). Suppose 0 = h*s - 71 + 29. What is the highest common divisor of s and 2?
2
Suppose 3*b + 4*o - 47 - 20 = 0, -2*o = 2*b - 46. Let t be (-4)/(-10) - 928/(-5). Let j = t - 111. What is the highest common divisor of b and j?
25
Suppose -30*u - 891 = -41*u. Calculate the highest common factor of 1782 and u.
81
Let b be 1*-2 - (-32 + 14). Suppose 3*o = 10 + 2. Suppose o*z = -2*w + 318, 3*z = -2*z - 5*w + 395. What is the greatest common divisor of b and z?
16
Let h(t) = 2*t**2 + 4*t - 4. Let v be h(6). Let g = v + -65. What is the highest common factor of g and 9?
9
Let o(t) = -t**3 + 2*t**2 - 4*t + 18. Let s be o(0). What is the highest common factor of s and 306?
18
Let x = 912 + -674. Calculate the highest common divisor of x and 204.
34
Let l be 6 - 9/3 - 1. Suppose l*j - 130 = 4*g - 628, -5*g = 2*j - 636. What is the highest common factor of 14 and g?
14
Let p be (-16)/(-120) - 79630/(-150). What is the highest common divisor of p and 18?
9
Suppose 0 = -3*n + 2*n + 6. Let a(s) = 2*s**2 - 10*s + 9. Let j be a(n). Suppose -55*t = -58*t + 126. Calculate the greatest common factor of j and t.
21
Suppose -22 = 3*a - 112. Let u = -389 - -434. What is the highest common factor of a and u?
15
Suppose 0 = -7*r + 39 + 24. Suppose 3*q - 41 = 3*j + 85, j = 2*q - 87. Calculate the greatest common factor of q and r.
9
Suppose -4*k + 990 = 198. What is the greatest common divisor of k and 264?
66
Let w be (8/10)/((-8)/(-20)). Let i be (2 - -1) + -1 + 62*w. What is the greatest common factor of 18 and i?
18
Suppose 2*c - 69 = -p, -4*p + 0*c = 4*c - 272. Suppose 3*u - p = 17. Suppose 0 = m - v - 9, 4*m + 4*v - 24 = -4. What is the greatest common divisor of m and u?
7
Let h be ((-390)/12)/((-1)/6). Suppose -5*v = -2*t - 119 - h, 0 = 5*t - 15. What is the greatest common divisor of v and 8?
8
Suppose h - 31 - 23 = 0. Let p(l) = -6*l**2 - 32*l + 4. Let z be p(-4). What is the greatest common divisor of h and z?
18
Suppose -3229 = -g - 5*w, 15*w - 19*w = 4*g - 12948. Calculate the greatest common divisor of 41 and g.
41
Let f = -4 + 7. Suppose -f*o - 2*o + 45 = 0. Suppose 4*z = -2*y + 146, 2*z - 4*y = -6*y + 74. Calculate the greatest common factor of o and z.
9
Let g be (-10 + (-9 - -4))/(1/(-16)). Suppose 12*l = 7*l + g. Calculate the highest common divisor of 24 and l.
24
Suppose 6*w - 11*w = -25. Suppose 6*i + 7 = 5*i - 5*t, -3*t + 53 = w*i. What is the greatest common factor of i and 208?
13
Let f be 1 + (-85)/75 + 84786/45. What is the greatest common factor of f and 12?
12
Let n be 2/(((-16)/18)/(-4)). Suppose 12*o = 11*o - 12. Let s(d) = 2*d**2 + 19*d + 30. Let j be s(o). Calculate the highest common divisor of j and n.
9
Let o(t) = -2*t**3 + 2*t**2 - t - 2. Let s be o(-2). Let z be 4324/10 + (-54)/135. Suppose 10*u - 8*u = z. Calculate the highest common divisor of s and u.
24
Suppose -3*q = w - 327, -2*q - w + 72 + 145 = 0. Suppose 3*r + v - 128 = 45, 2*r = 2*v + q. Calculate the highest common factor of r and 38.
19
Let k(r) = 20*r + 17. Let h be k(5). What is the greatest common factor of h and 13?
13
Suppose 4*c - 25 = -c. Suppose -58*t + 16 = -1144. What is the highest common factor of t and c?
5
Let h = -2 - -7. Suppose 6*b + 4*u - 589 = b, 585 = 5*b + h*u. Let w = 31 - 20. Calculate the greatest common factor of w and b.
11
Suppose 3*v - 2*f - 9 - 21 = 0, -21 = -3*v - f. Let h be ((-4)/(-5))/((-3)/(-75)). What is the highest common divisor of v and h?
4
Let z(h) = -2*h**3 + 5*h**2 + 5*h - 51. Let u be z(-6). Calculate the greatest common divisor of 18 and u.
9
Let p be 0 + (42/3)/(-2). Let q = 11 + p. Let r be q/10 - (-196)/10. What is the highest common factor of 8 and r?
4
Suppose 4*n + 4*r = 8, -5 = -2*r + 3*r. Let z(o) = 21*o**2 - o + 1. Let l be z(1). What is the greatest common factor of n and l?
7
Suppose 1235 = 4*z + 371. Suppose -124 = -4*g + z. Let a be g/(-34)*(-4)/5. What is the highest common factor of a and 5?
1
Let d = 18 - 14. Suppose g - n = -0*g + 2, -n = g - d. Suppose -5*b = -g*o - 70 - 20, -55 = -3*b + 2*o. What is the greatest common factor of b and 6?
3
Let f be 37*(2/1 - -3). Suppose 11*v - 6*v + f = 0. Let u = -23 - v. Calculate the highest common divisor of 7 and u.
7
Let o(r) = -62*r + 13. Let u be o(0). What is the highest common factor of u and 806?
13
Let f = 66 - 33. Let q = 41 - f. Calculate the greatest common divisor of q and 1.
1
Let m be ((-16)/10)/((-9726)/1080 - -9). What is the highest common factor of 16 and m?
16
Let z be (-36)/(-10)*3*(-20)/(-6). Suppose -5*a + 0*a - j + 176 = 0, a + j - z = 0. Calculate the greatest common divisor of a and 14.
7
Let m(o) = o**3 - 40*o**2 - 41*o + 46. Let i be m(41). Calculate the greatest common divisor of 2 and i.
2
Let i = -304 - -336. Let b be 1 - 0 - (-3 + 0). What is the greatest common factor of b and i?
4
Let l be 0 + 1 - (-2 - 2). Suppose x - l*x - 24 = 0. Let t be (9/x)/3*-48. What is the greatest common divisor of 264 and t?
24
Let h = -26 - -22. Let z be (12/h)/((-4)/((-64)/(-3))). What is the highest common divisor of z and 24?
8
Let k = -39 + 66. Let m be (-72)/(-12)*(5 + -2). What is the highest common factor of m and k?
9
Let t(c) = 2*c**2 + 5*c + 2. Let u be t(-4). What is the greatest common factor of 98 and u?
14
Let b(f) = -3*f - 44. Let i be b(9). Let a = -63 - i. Calculate the greatest common divisor of 8 and a.
8
Suppose 0 = -39*a - 5*a + 32956. What is the greatest common divisor of 7 and a?
7
Let h(l) = 5*l - 93. Let o be h(21). Calculate the greatest common factor of o and 186.
6
Let m = 34 + 26. Let n be (-1782)/(-30) + (3/(-25))/((-79)/395). What is the highest common factor of n and m?
60
Let r = 80 + -136. Let c = 84 + r. Calculate the highest common divisor of c and 12.
4
Let j be (-3 + 27/7)*28. Suppose -d - 2*d = -576. What is the highest common factor of d and j?
24
Let n be (20 - 161/7)/(3/(-15) - 0). Let m = 108 - 3. Calculate the greatest common divisor of n and m.
15
Suppose -221*i + 217*i + 4*o = -4736, -2*i + 2383 = -5*o. Calculate the highest common factor of i and 9.
9
Supp